6 divide 1688?
False
Is 962 a multiple of 26?
True
Does 155 divide 3255?
True
Is 21588 a multiple of 21?
True
Is 31 a factor of 15184?
False
Does 81 divide 324?
True
Does 20 divide 57860?
True
Does 161 divide 20458?
False
Is 55 a factor of 2310?
True
Does 4 divide 2902?
False
Does 20 divide 720?
True
Does 71 divide 213?
True
Does 35 divide 125230?
True
Is 48 a factor of 9920?
False
Is 32470 a multiple of 17?
True
Does 47 divide 319?
False
Is 46 a factor of 52854?
True
Is 27 a factor of 3928?
False
Does 419 divide 72589?
False
Does 15 divide 2280?
True
Is 19279 a multiple of 4?
False
Is 6 a factor of 18885?
False
Is 81216 a multiple of 192?
True
Does 15 divide 3495?
True
Is 14 a factor of 3932?
False
Is 196 a factor of 19590?
False
Is 12 a factor of 18900?
True
Is 4872 a multiple of 56?
True
Is 1072 a multiple of 39?
False
Is 89 a factor of 969?
False
Does 16 divide 28602?
False
Is 76 a factor of 1362?
False
Is 15 a factor of 6237?
False
Is 737 a multiple of 26?
False
Is 10 a factor of 529?
False
Is 151 a multiple of 29?
False
Is 77928 a multiple of 136?
True
Is 2680 a multiple of 67?
True
Is 9360 a multiple of 4?
True
Is 44 a factor of 20579?
False
Is 77 a factor of 2926?
True
Does 75 divide 3825?
True
Is 6 a factor of 1248?
True
Does 20 divide 473?
False
Does 33 divide 18792?
False
Is 3440 a multiple of 8?
True
Is 335 a multiple of 21?
False
Is 14 a factor of 5208?
True
Is 29 a factor of 9019?
True
Does 81 divide 7190?
False
Does 23 divide 686?
False
Is 25 a factor of 868?
False
Is 15064 a multiple of 56?
True
Does 4 divide 52?
True
Is 230 a multiple of 22?
False
Is 819 a multiple of 2?
False
Is 88 a multiple of 11?
True
Is 1358 a multiple of 6?
False
Does 129 divide 18238?
False
Is 897 a multiple of 98?
False
Is 813 a multiple of 137?
False
Does 25 divide 53804?
False
Is 10 a factor of 1027?
False
Is 43 a factor of 1577?
False
Is 20 a factor of 3052?
False
Does 66 divide 330?
True
Does 12 divide 8952?
True
Is 22 a factor of 597?
False
Is 1055 even?
False
Does 45 divide 7177?
False
Does 32 divide 16566?
False
Is 18 a factor of 2322?
True
Does 75 divide 884?
False
Is 50910 a multiple of 154?
False
Is 86632 a multiple of 238?
True
Is 1006 a multiple of 53?
False
Is 25 a multiple of 7?
False
Is 10 a factor of 15900?
True
Is 210 a multiple of 6?
True
Does 22 divide 1672?
True
Is 1782 a multiple of 151?
False
Does 12 divide 174?
False
Is 459 even?
False
Is 2907 a multiple of 17?
True
Is 24 a factor of 180?
False
Does 15 divide 10590?
True
Does 52 divide 1627?
False
Is 204 a multiple of 6?
True
Is 28 a factor of 2324?
True
Is 20 a factor of 6949?
False
Is 237 a multiple of 8?
False
Is 2983 a multiple of 3?
False
Is 5 a factor of 30?
True
Does 42 divide 22532?
False
Is 4 a factor of 172?
True
Is 52 a factor of 41947?
False
Is 601 a multiple of 3?
False
Does 50 divide 948?
False
Does 22 divide 2266?
True
Is 39 a factor of 4797?
True
Does 15 divide 4741?
False
Does 23 divide 5645?
False
Is 1570 a multiple of 104?
False
Is 4 a factor of 1846?
False
Is 104 a factor of 8790?
False
Is 1583 a multiple of 6?
False
Is 390 a multiple of 10?
True
Is 17 a factor of 389?
False
Does 98 divide 20854?
False
Is 19032 a multiple of 244?
True
Is 500 a multiple of 25?
True
Does 160 divide 20700?
False
Is 28656 a multiple of 36?
True
Is 113 a multiple of 3?
False
Is 54125 a multiple of 25?
True
Is 7 a factor of 1618?
False
Is 743 a multiple of 4?
False
Does 51 divide 13005?
True
Is 16 a factor of 3744?
True
Is 3 a factor of 259?
False
Does 25 divide 250?
True
Is 1040 a multiple of 52?
True
Does 17 divide 2436?
False
Is 938 a multiple of 18?
False
Is 3 a factor of 106?
False
Is 17 a factor of 374?
True
Does 9 divide 165?
False
Does 25 divide 33089?
False
Does 31 divide 11408?
True
Does 4 divide 2324?
True
Is 14083 a multiple of 21?
False
Is 1386 a multiple of 7?
True
Is 24 a factor of 25488?
True
Is 549 a multiple of 5?
False
Does 21 divide 1323?
True
Is 305 a multiple of 10?
False
Is 33 a factor of 28047?
False
Does 50 divide 11441?
False
Is 2195 a multiple of 5?
True
Is 73547 a multiple of 120?
False
Is 7015 a multiple of 5?
True
Is 120 a multiple of 8?
True
Is 21911 a multiple of 90?
False
Does 20 divide 25240?
True
Is 2 a factor of 8?
True
Does 44 divide 44474?
False
Does 2 divide 275?
False
Is 4753 a multiple of 125?
False
Does 16 divide 7216?
True
Is 13 a factor of 884?
True
Is 486 a multiple of 18?
True
Is 153 a multiple of 9?
True
Is 355 a multiple of 21?
False
Is 10488 a multiple of 24?
True
Does 22 divide 606?
False
Does 40 divide 21200?
True
Does 7 divide 5201?
True
Does 2 divide 70?
True
Does 26 divide 2236?
True
Does 9 divide 22070?
False
Is 16 a factor of 597?
False
Is 2858 a multiple of 95?
False
Does 10 divide 4540?
True
Is 32 a factor of 46080?
True
Is 880 a multiple of 6?
False
Is 896 a multiple of 14?
True
Is 84 a factor of 2821?
False
Is 783 a multiple of 27?
True
Is 7 a factor of 602?
True
Is 732 a multiple of 61?
True
Is 69 a multiple of 2?
False
Does 12 divide 51463?
False
Is 18 a multiple of 13?
False
Is 87 a factor of 1131?
True
Is 798 a multiple of 14?
True
Is 2600 a multiple of 50?
True
Is 3 a factor of 26432?
False
Is 54 a factor of 7614?
True
Is 6 a factor of 543?
False
Is 18294 a multiple of 195?
False
Does 66 divide 2178?
True
Is 1222 a multiple of 94?
True
Is 19 a factor of 2068?
False
Is 15946 a multiple of 119?
True
Does 34 divide 986?
True
Does 222 divide 13020?
False
Is 13 a factor of 2678?
True
Is 100 a multiple of 5?
True
Does 23 divide 631?
False
Is 7 a factor of 1125?
False
Does 6 divide 170?
False
Is 11 a factor of 7645?
True
Is 2 a factor of 759?
False
Is 11368 a multiple of 56?
True
Does 20 divide 900?
True
Is 100 a factor of 39686?
False
Does 39 divide 413?
False
Does 5 divide 2476?
False
Is 41 a factor of 48?
False
Is 3 a factor of 462?
True
Does 49 divide 2352?
True
Is 48 a factor of 63268?
False
Is 17 a factor of 2619?
False
Is 36 a factor of 1044?
True
Is 11416 a multiple of 37?
False
Is 832 a multiple of 16?
True
Is 1100 a multiple of 22?
True
Is 19 a factor of 589?
True
Is 16 a factor of 1495?
False
Is 18 a factor of 9162?
True
Is 271 a multiple of 2?
False
Does 25 divide 1616?
False
Does 6 divide 91?
False
Is 1122 a multiple of 17?
True
Is 30 a factor of 24450?
True
Is 9 a factor of 981?
True
Is 11 a factor of 13303?
False
Is 143 a multiple of 32?
False
Is 21 a factor of 3465?
True
Does 149 divide 88290?
False
Is 84 a multiple of 42?
True
Is 3248 a multiple of 14?
True
Is 32 a factor of 23168?
True
Is 18165 a multiple of 105?
True
Is 296 a multiple of 7?
False
Is 53 a factor of 1240?
False
Is 4 a factor of 194?
False
Is 5395 a multiple of 5?
True
Is 294 a multiple of 7?
True
Is 112 a multiple of 16?
True
Is 26521 a multiple of 15?
False
Does 11 divide 275?
True
Is 60 a factor of 76052?
False
Does 32 divide 160?
True
Is 19 a factor of 1197?
True
Does 7 divide 1253?
True
Is 1294 a multiple of 3?
False
Does 84 divide 10010?
False
Does 84 divide 840?
True
Is 3689 a multiple of 119?
True
Is 56 a factor of 9520?
True
Does 27 divide 162?
True
Is 1848 a multiple of 66?
True
Does 21 divide 10962?
True
Is 589 even?
False
Is 20 a factor of 8300?
True
Is 16 a factor of 106368?
True
Is 12 a factor of 64776?
True
Is 8856 a multiple of 5?
False
Is 1188 a multiple of 13?
False
Is 2159 a multiple of 48?
False
Does 10 divide 19?
False
Does 42 divide 3392?
False
Does 20 divide 4460?
True
Is 304 a factor of 56240?
True
Is 7 a factor of 27279?
True
Does 14 divide 18115?
False
Is 7 a factor of 670?
False
Does 13 divide 360?
False
Is 35 a factor of 3535?
True
Is 17027 a multiple of 76?
False
Is 16867 a multiple of 14?
False
Is 5 a factor of 738?
False
Is 152 a multiple of 19?
True
Is 473 a multiple of 9?
False
Does 31 divide 491?
False
Does 7 divide 4151?
True
Is 32 a factor of 57141?
False
Is 10 a factor of 290?
True
Does 17 divide 4947?
True
Does 83 divide 7785?
False
Is 11088 a multiple of 7?
True
Does 36 divide 2613?
False
Does 22 divide 23434?
False
Is 4381 a multiple of 106?
False
Does 8 divide 339?
False
Is 18 a factor of 4181?
False
Does 51 divide 4896?
True
Is 158 a factor of 40634?
False
Is 731 a multiple of 4?
False
Is 79 a factor of 2291?
True
Is 42 a factor of 8783?
False
Is 183 a factor of 5307?
True
Is 819 a multiple of 137